b. Determine s(-4).
-7
Let r(g) = 4*g**2 - 1 - 3*g**2 - g**3 + 4*g**2 + 0 - 3*g. Let q be r(4). Suppose -5*i + q*i - 6 = 0. Let m(j) = j**2 + j - 4. What is m(i)?
2
Let i(d) = -d**2 + 2*d - 3. Let t(x) = x + 1. Let n(l) = -i(l) - 3*t(l). Let g(w) = 5*w**3 - w. Let h be g(-1). Let r = 0 - h. What is n(r)?
-4
Let v(c) be the second derivative of -c**5/20 - c**4/4 - c**3/3 + c**2/2 - c. Determine v(-3).
7
Let t(d) = -d**3 + 2*d**2 + 5*d - 3. Suppose -2*c - f - 3*f - 14 = 0, -3*c = 2*f + 1. Let g be t(c). Let z(m) = m**3 - m**2 - 4*m + 1. Determine z(g).
7
Let v(g) = -13*g - 2*g + 8 + 14*g. Calculate v(-7).
15
Let i be 6*(-3)/(-3)*1. Let f(s) = 1. Let z(d) = -d + 1. Let l(x) = 5*f(x) - z(x). What is l(i)?
10
Let i(n) be the third derivative of n**5/60 - n**4/4 - n**3 + 2*n**2. Let y be ((-12)/(-15) - 1) + (-52)/(-10). Give i(y).
-11
Let f(i) = -8*i**2 - 4*i**2 - 1 + i**2 - 2*i + 0*i**2. Let y be (0 - (-1 + 0))*-1. Determine f(y).
-10
Let y(l) be the first derivative of l**2/2 - 4*l + 3. Let p be y(5). Let r(w) = 2*w**2. Give r(p).
2
Let l(r) = r**2 - 4*r - 5. Suppose -4*b - 5 = -29. Give l(b).
7
Let x(p) = -p**3 + 4*p**2 - 4. Let n = 0 + -1. Let l = n - -4. Determine x(l).
5
Let y = 17 + -23. Let k(q) = -q**2 - 6*q + 4. What is k(y)?
4
Let g(i) = 2*i - 3. Let m(k) = k - 1. Let p(n) = 3*g(n) - 5*m(n). Give p(9).
5
Let q(b) = b**2 - 6*b + 1. Let f be 2/(((-14)/105)/(2/(-6))). Calculate q(f).
-4
Let b(y) = -y**3 + 6*y**2 - 4*y - 3. Let q be b(5). Let w(k) = k**2 - k - 2. Let u be w(q). Let c(s) = -4 + 2*s + u + 4. What is c(-4)?
-8
Let t(h) = -3 + 2 + h**2 + 10 - 2 - 6*h. Determine t(6).
7
Suppose 7 = -3*i + 2*i. Let j(a) = a + 9. What is j(i)?
2
Let t(p) = 2*p**3 + 3*p**2 + 3*p + 3. Let u(a) = -a + 6. Let r be u(8). Calculate t(r).
-7
Let i(p) = -p + 5. Let g(a) = -12*a**2. Let s be g(-1). Let b be (-2)/8 - 3/s. Let d(z) = z**3 - z**2 - z. Let w be d(b). Give i(w).
5
Let k(u) = u + 4. Let v be 0/(-2*(-2 + 1)). Suppose 5*f + 0*f - 4*g - 5 = v, f - g = 2. Let a be -3 + -1 + 11 + f. Give k(a).
8
Let l(n) be the second derivative of -n**5/20 + 5*n**4/12 - n**3/2 + 3*n**2 + 181*n. Let t be 2 - 2 - 5/(-1). Determine l(t).
-9
Let o(a) = 2*a - 6. Let h(r) = r + 18. Let x be h(0). Suppose -w + 5*w = -2*u + x, -w - 18 = -4*u. Determine o(u).
4
Suppose 1 = 4*z - 5*j - 0, -2*z + j + 5 = 0. Let r(o) be the second derivative of -o**5/20 + o**4/3 + o**3/2 - 3*o**2 + o. Calculate r(z).
6
Let i(k) = -k**2 - 5*k - 4. Let m be (0 - -4)/(0 + 2). Let w(l) = m*l - 2*l - l + 5. Let a be w(9). Determine i(a).
0
Let j(d) be the third derivative of d**4/12 - d**2. Let q(m) = m**2 + 6*m - 5. Let n be q(-7). Give j(n).
4
Let b(n) = n**3 + 2*n**2 - 2*n - 2. Let v be b(-2). Let o(m) = -3*m**2 - m + 1. Calculate o(v).
-13
Let b(d) = -3*d - 47. Let s be b(-14). Let n(l) = -5*l + 0 + 0*l**2 - 3 - l**2. Calculate n(s).
-3
Suppose j - 3*f = 7, -4*j + 0*f = -3*f - 10. Let h(p) = -j + 0 - 2*p - 3 + p**2 + 3*p. Calculate h(-3).
2
Let p(q) = -1. Let f = -22 - -21. Let l(t) = t + 3. Let v be ((-2)/4)/((-2)/(-4)). Let r(d) = f*l(d) + v*p(d). Determine r(-2).
0
Let u(n) be the first derivative of -3*n**2/2 - 7*n + 7. Let v(r) = 7*r + 14. Let f(s) = -9*u(s) - 4*v(s). Give f(0).
7
Suppose i + 4*i = 4*j + 20, 4*j = -i + 4. Let d(b) = 3*b - 7*b + i + 0*b + 3*b. Give d(-5).
9
Let l(i) = -i**3 + 4*i**2 + 5*i + 6. Suppose 6*d = d. Let o = d - -5. Give l(o).
6
Let d(z) be the second derivative of -1/6*z**3 + 3*z - 2*z**2 + 0 - 1/12*z**4. Let h(i) = i**2 + i. Let y be h(0). Determine d(y).
-4
Let i = 7 + -5. Let w(o) be the third derivative of 0*o + 0 + 2*o**2 - 1/8*o**4 + 1/6*o**3 + 1/30*o**5. What is w(i)?
3
Let h(a) = 5*a**2 + 17*a + 2. Let i(n) = -n**2 - n - 1. Let r(u) = h(u) + 6*i(u). Determine r(9).
14
Let o(v) = -v**2 - 7*v - 9. Let q = 16 - 22. Determine o(q).
-3
Suppose -4*a - 4*o = -24, -6*o + 10 = 2*a - 3*o. Let i = 13 - a. Suppose 13 = -z + 3*g - 0, 2*g = i*z. Let n(u) = -u. What is n(z)?
-2
Suppose 5*o + 25 = -15. Let d(f) = -f**2 - 8*f + 6. What is d(o)?
6
Let t(n) be the third derivative of 0 + 0*n - 1/12*n**4 - 1/120*n**6 - 1/20*n**5 - 1/3*n**3 + 3*n**2. Give t(-3).
4
Let f(y) = 7*y**2 - 3*y - 9*y**2 + y**2 + 4. Calculate f(-5).
-6
Let v(r) = 4*r**3 - 9*r**2 + 7*r - 11. Let z(m) = 7*m**3 - 17*m**2 + 13*m - 21. Let d(n) = -5*v(n) + 3*z(n). Give d(6).
16
Let u(t) = 13*t**3 - 19*t**2 - 6*t + 19. Let a(p) = 7*p**3 - 10*p**2 - 3*p + 10. Let z(w) = 11*a(w) - 6*u(w). Give z(4).
8
Let i(z) be the second derivative of -z**5/20 - z**3/6 - 9*z**2/2 - 37*z. Calculate i(0).
-9
Let l(z) = -z**3 + 6*z**2 + 8*z - 2. Suppose -v - v + 19 = t, -8 = v - 3*t. What is l(v)?
5
Let i(h) = -h**2 + 8*h - 5. Let q be i(7). Let r(o) = o. Let n be r(q). Let f(w) = -4*w + n*w - 3 + 4*w. Give f(3).
3
Let t(o) be the second derivative of 1/6*o**3 + 0 + 4*o + 1/2*o**2 + 3/4*o**4. What is t(-1)?
9
Let k = -130 - -135. Let c(p) = -p + 4. Determine c(k).
-1
Let y(c) be the first derivative of c**6/120 + c**5/30 - c**3/6 + 2*c**2 - 3. Let q(t) be the second derivative of y(t). Calculate q(-2).
-1
Let c(i) = 9*i + 15 - 7*i**3 + 9*i**2 + 8*i**3 - 3. Determine c(-8).
4
Let j be (-1)/2*-6 - 49. Let w be 1/5 + j/5. Let r = w + 5. Let o(l) = -l**2 - 3*l - 4. Give o(r).
-8
Let l(n) = -3*n + 5. Let k(b) = 5*b + 59. Let g be k(-11). Determine l(g).
-7
Let k(d) = -d**2 + 2. Let h = -44 + 46. What is k(h)?
-2
Let s be ((-18)/8)/((-15)/40). Suppose -f - 45 = -s*f. Suppose 2*x - 4 = 4*w - f*w, -w = -x - 5. Let r(z) = z**3 - z**2 - z - 1. Give r(w).
1
Let m(v) = -7*v**2 - 8*v - 7. Let c(k) = -7*k**2 - 7*k - 6. Let y(f) = 7*c(f) - 6*m(f). Give y(-1).
-6
Let l(t) = 14*t - 6. Let m(a) = 26*a - 12. Let q(s) = -7*l(s) + 4*m(s). Calculate q(4).
18
Let n(o) be the third derivative of o**6/120 + o**5/12 + o**3 + 12*o**2. What is n(-6)?
-30
Let j(l) = 3*l**3 - 4*l**2 - l - 2. Let q(r) = -r**3 - r. Suppose -2*t + d = -4, -t - 2 = 2*d - 14. Let c(b) = t*q(b) + j(b). Determine c(-3).
4
Let c(m) = m**2 - 7*m - 2. Let b = -4 + 10. What is c(b)?
-8
Suppose -o + 2*o - 4*q + 23 = 0, -5*q + 41 = -3*o. Let x(g) = -3*g + 5. Let f(k) = k - 3. Let a(m) = o*f(m) - 3*x(m). Determine a(-4).
-2
Let g(o) be the first derivative of -o**3/3 - 4*o**2 + 4*o + 11. Calculate g(-4).
20
Let x(s) be the first derivative of -7*s**3/3 - s**2/2 - 2. Let h = -1 - -9. Suppose 6*a = -r + 4*a - 7, -r + 3*a + h = 0. Give x(r).
-6
Let v be 1*(2 - 5)/1. Let m(l) be the second derivative of -l**4/6 - 2*l**3/3 - 3*l**2/2 + l. What is m(v)?
-9
Let k(q) = -q**3 - 5*q**2 - q + 1. Let a be ((-14)/4)/(2/(-8)). Suppose 3*f = -4*i - a, i - 4 + 17 = 4*f. Calculate k(i).
6
Let a(h) = -2*h - 6. Let o be a(-4). Let c be (0 - o)/(-1) + -2. Suppose w + 2*b + 2 = -2*b, c = 4*w - 4*b + 8. Let y(j) = -j**3 + j**2 + 2*j. Calculate y(w).
8
Let b be (0 + 1)*(-2 + 5). Let z(o) be the second derivative of o + 1/6*o**3 + 3/2*o**2 + 0 - 1/12*o**4. Give z(b).
-3
Let n(f) = -f**2 + 1. Let j = 34 - 22. Suppose 4*o + 4*q - j = 7*q, -2*q = 8. Determine n(o).
1
Let k(t) be the third derivative of t**8/6720 + t**7/840 + t**6/360 + t**5/40 + t**4/12 - 3*t**2. Let v(g) be the second derivative of k(g). Calculate v(-3).
-3
Let m(d) = -17*d**3 - 5*d**2 + 5 + 2*d + 30*d**3 - 12*d**3. What is m(4)?
-3
Let u(d) = -d**2 + 4. Let r(t) = t - 3. Let f(h) = h - 4. Let w(b) = 3*f(b) - 2*r(b). Let p be w(6). Calculate u(p).
4
Let y(m) = m**2 - 2*m - 3. Let w be y(-2). Let v(d) = d**3 - 4*d + 4 - 2*d + 5*d - w*d**2. Calculate v(5).
-1
Let q(k) = -k**2 + 15*k - 18. Let l be q(14). Let c(u) = -u**2 + 3*u - 5. Calculate c(l).
-33
Let y = 2 - -2. Let s(g) = 4 + 0 - 3 - 6 + g. What is s(y)?
-1
Let t = 3 + -1. Suppose 0*d = t*d - 12. Let h(p) = -360*p**2 - 5*p + 367*p**2 - p**3 - 1 - 2. What is h(d)?
3
Let j(s) be the first derivative of -2 + 1/20*s**5 + 0*s**3 - 1/12*s**4 + 3*s**2 + 4*s. Let p(z) be the first derivative of j(z). What is p(0)?
6
Let h(i) = -5*i**3 + 20*i**2 - 33*i - 13. Let q(f) = f**3 - 5*f**2 + 8*f + 3. Let v(j) = -2*h(j) - 9*q(j). Let x be ((-1)/(-1) - 8) + 1. What is v(x)?
-1
Suppose -8*p - 20 = -3*p. Let t(k) = k**2 - k. Let j(c) = -c**2 + 9*c + 6. Let v(z) = -j(z) - 2*t(z). Calculate v(p).
6
Let z(x) = x + 8. Let u(a) be the first derivative of a**2/2 + a + 3. Let v(t) = -5*u(t) + z(t). Calculate v(2).